00*g**2 + 0*g + g - 2001*g**2. What are the prime factors of h(j)?
2, 3
Let g(c) = 2*c**3 - c**2 + 5*c - 3. Let n(i) = -3*i**3 + 2 + 9*i**3 - i - 5*i**3 - 1. Let q(p) = -g(p) - 5*n(p). What are the prime factors of q(-2)?
2, 29
Let y(h) = -3*h + 14. Let g be y(7). Let j(w) = w**2 - 10*w + 1. Let r be j(g). Suppose 19*c = 17*c + r. What are the prime factors of c?
2, 3, 5
List the prime factors of (-5612)/(-10) - (-7)/(-35).
3, 11, 17
Let s(f) = 2*f**3 - 7*f**2 + 23*f + 14. What are the prime factors of s(6)?
2, 83
List the prime factors of (30/18 + 4)*141.
17, 47
Let x(p) = -p + 5. Let h be x(2). Suppose -4*c - 2*u = 0, 4*u = -0*c + 2*c. Suppose c = -z + h*z - 56. List the prime factors of z.
2, 7
Let q(t) = -t**2 + 6*t + 7. Let v(s) = -1. Let h(j) = -q(j) - 2*v(j). List the prime factors of h(-7).
2, 43
Suppose -10*r = -7472 - 1608. List the prime factors of r.
2, 227
What are the prime factors of (-59)/118 - -233*1/2?
2, 29
Suppose 2*k - 9*k = -371. What are the prime factors of k?
53
Let z(x) = 31*x**2 - 10*x + 4. Let r be z(-4). Suppose -2*n = 5*i - 374 - r, -4*i + n + 739 = 0. List the prime factors of i.
2, 23
Let n be (-20)/60 + (-1)/(-3). Let j be 7 - (6 + -3 + n). Suppose j*p = -2*p + 198. List the prime factors of p.
3, 11
Let k be -2 - -1 - (1 + -26). Suppose -2*m - o = 0, 5*m = -19*o + 14*o. Suppose m = -4*v - k + 164. What are the prime factors of v?
5, 7
Let l be ((-879)/(-36) - 6/8)*18. Suppose 6*z - 132 = l. List the prime factors of z.
3, 31
Let l be ((-2 + 4)*1)/((-2)/(-1)). Let z(m) = 81*m**2. What are the prime factors of z(l)?
3
Suppose 6*q = 9*q - 9. Suppose 0*l - q*l = -135. Let o = 79 - l. What are the prime factors of o?
2, 17
Let a be 12/18 - 26/3. List the prime factors of (-564)/a*4/6.
47
Suppose 8 = -4*h, 2*j = -4*h - 4 - 290. Let t = j + 239. What are the prime factors of t?
2, 3
Let c = -55 - -155. What are the prime factors of c?
2, 5
Let t = 166 - 133. List the prime factors of t.
3, 11
Let d(t) = -2*t**3 - 5*t**2 + t - 3. Let i = 7 + -12. Let u be d(i). Suppose 2*h = -h + u. What are the prime factors of h?
3, 13
Let k = 24 - -10. Let v be (-1*3)/((-17)/k). List the prime factors of (v/(-4))/(18/(-192)).
2
Let w(i) = i**3 - 8*i**2 + 5*i + 1. Let h be w(7). Let z = h + 15. Suppose -2*j + 60 - 10 = -2*o, z*o - 25 = -j. List the prime factors of j.
5
Let n = 220 - 444. Let q = n + 478. What are the prime factors of q?
2, 127
Let m(y) = -2*y**2 + 25*y + 26. Let h be m(11). Let v = h + 51. What are the prime factors of v?
2, 5, 11
Let k(b) be the third derivative of -7*b**5/60 + 5*b**4/24 - b**3/3 + 6*b**2. Let n be k(3). What are the prime factors of ((-28)/10)/(4/n)?
5, 7
Let p(m) = -m - 4*m**2 + 24 - m**3 + 2*m - 7 - 7*m**2. List the prime factors of p(-11).
2, 3
Suppose -s + 8 = 3*s. Suppose 3*a + 128 = s*w - a, 2*a + 250 = 4*w. List the prime factors of w.
2, 31
Suppose -8*w = -6*w - 60. Suppose -5*n - w = 4*b - 136, -2*n = -b + 20. What are the prime factors of b?
2, 3
Suppose 0*s = 5*s + 165. Let l be ((-22)/s)/((-2)/(-9)). Suppose -l*k = -108 + 39. What are the prime factors of k?
23
Suppose -18 = -4*v + 3*v - 3*w, -v - 6 = -3*w. Let o be (-27)/3*(-32)/v. Let m = 100 - o. List the prime factors of m.
2, 13
Suppose -5*v = -0*v - 150. Suppose -10 - 158 = 4*z. List the prime factors of 15/v - z/4.
11
Suppose -2*f - 5*i + 25 = 0, -2*f - 3*i = i - 20. Suppose -2*j + 5*j - 6 = f. Suppose -2 = l + 3*n, -l - 4*l = j*n - 55. List the prime factors of l.
13
Let o = -137 - -153. What are the prime factors of o?
2
Suppose -5*t - 3*j = -108 - 27472, 27600 = 5*t - j. What are the prime factors of t?
5519
Suppose 0 = -4*l + 3*f + 7, 4*l + 11 - 36 = -3*f. Suppose 114 = 2*x - 0*x + 4*d, 2*x - l*d = 82. List the prime factors of x.
7
Let n = 23 - 9. Let z(j) = -j**3 + 13*j**2 + 16*j - 21. Let k be z(n). List the prime factors of (k + -40)/(-2 + 1).
3, 11
Let c = -2 - 3. Let p(g) = 4*g - 2*g + 4*g - 8*g. List the prime factors of p(c).
2, 5
Let p(b) = 11*b - 6. Let s be p(6). Let c be 117/(s/(-16) + 3). List the prime factors of 3/(-9) - c/9.
17
Let j be 1 - (-1 - -2) - -2. Let n(d) = -j*d + 29*d**2 + 4*d - 2*d. What are the prime factors of n(1)?
29
Suppose -4*o = f - 10, -2*o - 5*f = -7*o + 25. What are the prime factors of (-6)/(9/o) - (-248)/4?
2, 3, 5
Suppose 2*f - r = 43, -5*f + 5*r - 45 = -140. Let w be 42/4*f/18. What are the prime factors of w*4/(-3)*-3?
2, 7
Suppose -94*i + 107*i - 858 = 0. List the prime factors of i.
2, 3, 11
Let x(k) = -2*k + 2. Let z be x(4). Let o(g) = g**2 - 3*g + 5. List the prime factors of o(z).
59
Let q(n) = -3*n - 27. Let y be q(-12). Let z be ((-2)/(-5))/((-1)/85). What are the prime factors of (y/6 - 2)*z?
17
Let f be (-2)/(16/18)*12/(-9). Suppose f*g - 5*z = 22, -7*g + 5*z = -2*g - 50. What are the prime factors of g?
2, 7
Let n(i) = 2*i**2 - 15*i - 23. List the prime factors of n(-13).
2, 3, 5, 17
Suppose 0 = 2*r - i - 111, 0 = 3*r + 2*i - i - 159. Let u = -32 - 0. Let a = u + r. What are the prime factors of a?
2, 11
Let c be (-28)/(-6)*(-45)/(-30). List the prime factors of c + 2 + -1 + -4.
2
Suppose 4*j - 10 - 2 = 4*d, -4*d - 10 = -2*j. What are the prime factors of j/(-2) - (-268)/8?
3, 11
Let s(u) = 6*u**2 - u + 1. Let c be s(1). Let z = -10 + c. List the prime factors of (-3)/(-12) - 67/z.
17
Suppose -8 = 7*s - 43. Suppose s*u - 3*u = 200. List the prime factors of u.
2, 5
Let x be (2/4)/(14/(-12) + 1). List the prime factors of (-135)/x*(3 + 12/(-10)).
3
Let d = 949 - 634. Suppose -5*v = x - 50, -d = -4*x - 2*v + 5*v. List the prime factors of x.
3, 5
Suppose 4*b = -8*v + 12*v - 8244, -5*v + b + 10285 = 0. What are the prime factors of v?
2, 257
Let i(g) = g**3 - 18*g**2 + 24*g - 21. Let d be i(17). List the prime factors of ((-4)/(-14))/(14/d).
2
Let j(c) = -3*c - 10. Let n be j(-5). Let w(m) = m**3 - m**2 - 2*m - 17. What are the prime factors of w(n)?
73
Suppose d - 500 = 4*q, -10*q - 5 = -5*q. What are the prime factors of d?
2, 31
Suppose 70 = -i - 4*i. Let s(x) = x**2 + 8*x - 9. List the prime factors of s(i).
3, 5
Let d(j) = -14*j + 30. Let n(b) = -2*b**2 - 9*b + 4. Let s be n(-6). What are the prime factors of d(s)?
2, 113
Suppose 0 = 7*b - 11985 - 10611. What are the prime factors of b?
2, 3, 269
Suppose -136*i + 167934 = -58*i. What are the prime factors of i?
2153
Let p(m) = 82*m**2 + 6*m - 17. What are the prime factors of p(3)?
739
Let z(b) = 9*b + 12. Let q be z(4). Suppose -1 - q = -k. List the prime factors of k.
7
Let m = 84 - -94. What are the prime factors of m?
2, 89
Let z = -265 - -1623. What are the prime factors of z?
2, 7, 97
Let d be 3 - (1 - 2/(-1)). Suppose 3*g - 1 = t - 34, t - 3 = d. List the prime factors of 14/35 - 206/g.
3, 7
Let a = -3895 - -5880. What are the prime factors of a?
5, 397
Let z(p) = 4 - 1 + 6*p - 4 - 2*p**3 + 0 - p**2. List the prime factors of z(-5).
2, 97
Suppose -3175 = -3*g + 3*o + 3002, o + 4121 = 2*g. List the prime factors of g.
2, 1031
Suppose -10*l + 819 = -3*l. Suppose -3*u - 378 = -3*g - 87, g - l = 5*u. List the prime factors of g.
2, 23
Suppose -3*x - 2658 = -4*q, 3293 = 4*q + 3*x + 623. What are the prime factors of q?
2, 3, 37
Let x(f) = -246*f - 162. What are the prime factors of x(-6)?
2, 3, 73
Let c be ((-1)/(-4))/((-7)/(-56)). List the prime factors of c - (-8 - -3 - 258).
5, 53
Suppose z - 2*a - 3*a = 26, 4*z - 16 = -2*a. Let g(u) = u**3 - 5*u**2 - 2*u + 8. What are the prime factors of g(z)?
2
Let j(c) = 134*c - 26. List the prime factors of j(2).
2, 11
Let o(d) = 4*d**2 + 11*d - 8. List the prime factors of o(-6).
2, 5, 7
Suppose 0 = -25*k - 3147 + 20572. List the prime factors of k.
17, 41
Let j = -9 - -12. Let r(v) = j*v**2 + 11*v**3 - 12*v**3 + 3*v - 3 + v. List the prime factors of r(3).
3
Suppose -4*j + 26 = -h, -5*j = 5*h + 26 + 4. List the prime factors of (-23*6/h)/(1/5).
3, 23
List the prime factors of (-20)/15 - 3386/(-6).
563
Let j be -5*(-1 + 0)/1. Suppose -10 = -a + 4*t, j*t = -5*a + 3*t + 72. Suppose -3*d - 15 = 0, -d + a = g - 17. List the prime factors of g.
2, 3
Suppose -2 = -2*c - 12, -2*z - 4*c + 2674 = 0. What are the prime factors of z?
3, 449
Let x be (-12)/4 + 1*43. Let w = x - 23. List the prime factors of w.
17
Let a be (-265)/(-2)*(-1 + 58/10). Suppose 0 = -v - v + a. What are t